 u**3/6 + 2*u**2 + 11*u. What is m(-3)?
19
Let m(a) = 4*a + 1. Let t(k) = -k. Let y(r) = m(r) - 6*t(r). Give y(-1).
-9
Let b(m) = -m**3 - m**2 + 4. Suppose -2*s - 2 = z, 3*s + 2*z = -z - 3. Let f = s + 1. Determine b(f).
4
Suppose -3*o = 2*r - 4*r - 11, 5*r = -2*o + 39. Let b(c) = c**3 - 8*c**2 + 8*c - 3. Give b(o).
4
Suppose -2*m = 5*p - 3*p - 4, 4 = 2*m + 3*p. Let i(b) = b**3 - 2*b**2 + 2*b + 2. Give i(m).
6
Suppose -8 = -2*m - d, 4*m - 6*d = -d + 2. Let l(s) be the second derivative of -2*s**2 + 0 - 1/4*s**4 - 1/6*s**3 + 1/20*s**5 + 2*s. Give l(m).
-7
Let t(q) = -q**3 + 6*q**2 - q + 4. Let x be t(6). Let b be 3/((-3)/1) + 3. Let n(f) = -6*f - 2*f**2 + 6*f + 3*f**2 + b. Calculate n(x).
6
Let u(z) = 3*z + 2*z - 3*z - z + 8. Calculate u(-4).
4
Let s(v) = v**3 - 4*v**2 - 5*v - 7. Let a be 8/10*(-14 + 4). Let r = -3 - a. What is s(r)?
-7
Let z(k) = k**2 - 4*k + 7. Let q(u) = u. Let i(m) = -3*q(m) + z(m). Give i(7).
7
Let i(u) = -5*u**2 + 11*u + 3. Let p(l) = 9*l**2 - 21*l - 5. Let g(d) = -7*i(d) - 4*p(d). Give g(5).
9
Let p(a) = -a**2 + a - 1. Let m(o) = -o**3 - 3*o + 8. Let y(f) = m(f) + 5*p(f). What is y(-5)?
-7
Let l(o) = 2*o**2 + 2*o. Let t be l(-2). Let j(w) = -w + 0*w + t*w. Give j(2).
6
Let y(h) = 0 - 1 - 2 + 4*h. Let x(o) = o. Let n(j) = 2*x(j) - y(j). Suppose -3*k = -3*v + 18, -v + 24 = 4*v - 2*k. Give n(v).
-5
Suppose 5*o = -y + 2, -3*y = 2*o - 5*o - 6. Let p(u) = -6*u**2 + 3 - u**2 + u + 6*u**2. What is p(o)?
3
Let t be 26/10 - 4/(-10). Let z(y) = y - 7. Let j be z(10). Let d(x) = 2*x**2 + 4*x + 4*x - 5*x - 3*x**2 - j. Calculate d(t).
-3
Let k(y) = 8*y**3 - y. Let q = 10 + -4. Suppose 2*h + 0 - q = 0. Let t be h/9 - 6/(-9). Give k(t).
7
Suppose -8 = -j - j. Suppose 3*a = -19 + j. Let y(i) = i**3 + i**2 + i - 1. Let w(k) = 5*k**3 + 9*k**2 + 4*k + 3. Let o(l) = w(l) - 4*y(l). Determine o(a).
7
Let t(f) = -2*f**3 - 3*f**2 + 2. Suppose 0 = 2*w - 6 - 56. Let d(l) = 3*l**3 - l - 31*l**2 + w*l**2. Let a be d(-1). Give t(a).
6
Suppose -4*d = d - 45. Let v(c) = -14*c + 24. Let o(a) = 5*a - 8. Let m(x) = 11*o(x) + 4*v(x). Give m(d).
-1
Let w be (-2)/6 + 38/6. Suppose w = -n + 1. Let s(x) = 3 - x + x + x. What is s(n)?
-2
Let c(d) = -d**3 + d + 7. Suppose 0 = 5*b - 7 - 8. Suppose -v - 4*v = -20. Suppose b*o + 2*x = -8, 0 = 3*o - 6*o + v*x + 16. Give c(o).
7
Let u(y) = -y**2 - 5*y - 4. Let t(a) = 2*a - 10. Let k be t(7). Suppose 0 = -0*b - k*b - 12. Determine u(b).
2
Suppose 3*s = -5*y + 31, -30 = -s - 4*s - 4*y. Let v be (-6)/(-2) + (3 - s). Let a(i) = -v*i + 1 + 3*i - 2*i**2 + 3*i**2. Determine a(3).
7
Let b(l) be the second derivative of l**4/12 + 2*l**3/3 - 3*l**2/2 + 14*l. Give b(-3).
-6
Let f(l) = l**3 + 2*l**2 + l + 3. Let z be (-3 - (-2 - 0))/(-1). Let a = z + -4. Calculate f(a).
-9
Let r(k) = -2 + 1 - 1 + k. Let o = 3 - 0. Let z be 1 + (-2 - -1) + o. What is r(z)?
1
Let h be ((-12)/(-3) - 3) + -1. Suppose 2*b + 3*b + 30 = h. Let w(r) = r**3 + 5*r**2 - 7*r + 2. What is w(b)?
8
Let f = 87 + -82. Let j(t) be the first derivative of t**3/3 - 7*t**2/2 - t + 1. What is j(f)?
-11
Let d be (-3)/(9/(-12)) - 3. Let t(w) = -2*w**3 + 2*w**2 - w. Determine t(d).
-1
Let n(i) = 29 - 15 - 13 - i. Determine n(-2).
3
Suppose 2*k + b + 9 = 0, 5*k + 0*b = -2*b - 20. Let j(c) = c**3 + 3*c + 3. Give j(k).
-11
Let r(x) = x**3 + 4*x**2 - 3*x + 1. Suppose 3*g + 25 = 16. Determine r(g).
19
Let d(u) be the third derivative of -u**5/60 + u**4/3 - u**3 - 2*u**2. Let p(j) = j**2 - 8*j + 7. Let y(z) = 7*d(z) + 6*p(z). What is y(6)?
12
Let z(l) = -l**2 + 8*l - 5. Let k(u) = -2*u**2 + 16*u - 10. Let x(w) = 3*k(w) - 5*z(w). Calculate x(6).
7
Suppose -19 - 17 = 4*u. Let a = u + 6. Let j(m) = -2*m**2 - 3*m + 3. Calculate j(a).
-6
Let q be ((-1)/2)/(((-15)/(-36))/(-5)). Let n(y) = y**2 - 5*y - 1. What is n(q)?
5
Let c(r) = r**2 + 7*r - 1. Let z = -14 + 8. Determine c(z).
-7
Let f(o) = 2*o**2 + 13*o - 1. Let c(m) = -m**2 - 6*m + 1. Let j(w) = -7*c(w) - 3*f(w). Give j(-3).
-4
Let m(n) = 131*n**2 + 130*n**2 - 263*n**2 - 4 + 3. Give m(-2).
-9
Suppose -5*v = 4*s - 11, -s - 4*s - 5 = 0. Let b(g) = 2*g + 3*g**3 + 4 - 2*g**3 + 0 + g**2 - 5*g**2. Determine b(v).
1
Let l be (-6)/9 + 41/3. Let u = -9 + l. Let k(d) = -d**3 + 4*d**2 - d + 4. Determine k(u).
0
Let p(r) = r - 2*r - 2 + 1. Suppose 4*x = 6*x. Suppose 3*z + x*z = 0. Determine p(z).
-1
Suppose -14*o + 11*o - 9 = 0. Let q(v) = -v + 1. Let h(s) = -6*s + 3. Let l(x) = h(x) - 2*q(x). What is l(o)?
13
Let t(n) be the third derivative of n**6/360 - n**5/24 - n**4/6 + n**3/6 - 2*n**2. Let r(j) be the first derivative of t(j). Determine r(6).
2
Let c(m) = 2*m**3 + 3*m**3 + m + m**3 - m**2. Suppose 0 = -2*d - 5*o - 23, 2*d - 5*o = 6 + 21. Let y be c(d). Let s(u) = -u**2 + 4*u + 8. Determine s(y).
-4
Let j(s) = -2*s - 29 + 17 + 14 + s**3 - 4*s**2. Determine j(4).
-6
Suppose 2*k - 6 = 8. Let w(b) = -b + 9. Calculate w(k).
2
Let j(l) = -l**3 - l**2 + 3*l - 6. Let c(i) = -i**2 + i - 1. Let v(p) = 5*c(p) - j(p). Calculate v(3).
-2
Let m(s) = -3*s**3 - 10*s**2 + 3*s - 3. Let d(y) = y**3 + y**2 + 1. Let r(p) = 4*d(p) + m(p). Let l(z) = -z + 5. Let j be l(0). Give r(j).
-9
Let d(o) = o**3 - 13*o**2 + 11*o + 7. Let r be d(12). Let f(c) = -c**2 + 8*c - 1. Let s(l) = 3*l**2 - 17*l + 2. Let y(q) = r*f(q) - 2*s(q). Give y(-6).
1
Let z(f) = -3*f - 9. Let l be z(-4). Let x(r) = -l*r - 2*r + 3*r. Determine x(-3).
6
Let o(l) = -l**3 + l**2 - l + 1. Let j(r) = -22*r**3 + 3*r**2 - 4*r + 2. Let b(f) = j(f) - 3*o(f). Give b(-1).
19
Suppose 0 = -5*l + 4*v + 4 + 13, 0 = l - 2*v - 1. Let m(j) = 2 - 1 - l - 3*j + 1. What is m(-3)?
6
Let r(n) = 5*n**2 - 25*n**3 - 2*n + 4 + 13*n**3 + 11*n**3. Suppose -4*c = -1 - 19. Determine r(c).
-6
Let g(f) = -5*f**3 - 10*f**2 - 5*f - 5. Let o(d) = -d**3 - d**2. Let c(j) = -g(j) + 6*o(j). Calculate c(5).
5
Let i(p) = p**3 - p**2 - 9. Let c = 6 - 6. Suppose o + 4*u + 9 - 1 = c, 2*u + 4 = 2*o. Determine i(o).
-9
Let l(o) be the third derivative of -o**6/360 + o**5/60 + o**4/6 - o**3/3 + 3*o**2. Let f(k) be the first derivative of l(k). Determine f(4).
-4
Let w be (-2*(2 - -1))/(-2). Let q(x) = -3*x**3 + 3*x**3 - x**3 - w*x**2 + 1 - 2*x + 2*x**3. What is q(4)?
9
Let i(d) be the first derivative of d + 11/3*d**3 + 1/4*d**4 - 2 + 6*d**2. Let l(f) = f**3 + 12*f**2 + 13*f + 1. Let w(v) = -7*i(v) + 6*l(v). What is w(-4)?
7
Let t = 4 - -1. Let s(j) = j**3 - 6*j**2 + 5*j - 1. What is s(t)?
-1
Let n be -7 + 3/(-2 + 5). Let a = 0 - n. Let u(h) = h**2 - 5*h - 3. Determine u(a).
3
Let o(v) = v**2 - 6*v - 5. Let p be (-2)/(1 + 2/(-6)). Let r(d) = d**3 + 4*d**2 + d. Let c be r(p). What is o(c)?
-5
Let k(p) be the second derivative of -p**4/12 - 7*p**3/6 + 3*p**2/2 + 9*p. What is k(-6)?
9
Let y(j) = j**2 + 4*j - 27. Let u be y(-8). Let f(m) = m**3 - 4*m**2 - 4*m - 2. Determine f(u).
3
Suppose -4*t + 10 = t. Suppose t*a = 7*a + 25. Let v(o) = o**3 + 4*o**2 - 4*o - 4. What is v(a)?
-9
Let j(a) be the second derivative of a**5/20 - a**4/3 + 2*a**2 - 19*a. What is j(4)?
4
Let w = -130 + 1301/10. Let z(t) be the second derivative of 0*t**3 + 0 + 1/6*t**4 - 1/2*t**2 + 2*t + w*t**5. Determine z(1).
3
Suppose y = 5*l + 6, 3*l = 4*l. Let b(w) = w**2 - 8*w + 6. Give b(y).
-6
Let f(r) be the first derivative of r**2/2 + 2*r + 13. Let h = -2 + 6. What is f(h)?
6
Let o be 4/2 - (-3)/1. Let c be (22/55)/(4/10). Let p(r) = -r**3 - 7*r**2 - r + 4. Let s(q) = -q**3 - q**2 - q. Let x(n) = c*p(n) - 2*s(n). Determine x(o).
9
Suppose -22 = -2*i + 4*s, 3*s + 20 = 4*i + s. Let h(k) = 7*k + i - 4*k + 3. Suppose 3*b = 4*g - 4, 3*b - 2*g = 3*g - 2. Determine h(b).
-6
Suppose -2*q = -3*q + 3. Let h(i) = i**2 - 3*i + 3. Give h(q).
3
Let z(q) = 2*q**2 + 4*q + 2. Let r(k) = -2*k**2 - 5*k - 2. Let t(c) = 3*r(c) + 4*z(c). Determine t(-2).
8
Let d(s) = 44 + 3*s**2 - 49 + 3*s**3 - 4*s**3. What is d(4)?
-21
Let a(v) be the first derivative of v**4/4 - 5*v**3/3 + 3*v**2/2 + 4*v - 5. What is a(3)?
-5
Let l(t) be the second derivative of -t**3/6 + 4*t**2 - 5*t. Give l(0).
8
Let u(l) = l**3 + 6*l**2 - 5*l + 9. Suppose 25*i = 24*i - 7. Calculate u(i).
-5
Suppose 0 = -5*m + 15. Suppose 4*f + m = 7. Let s(u) = -3*u**2. Give s(f).
-3
Let m(a) = a - 2. Let d be m(4). Let v be (5 - 1)*6/12. Let t(n) = -n**2 + 0*n - n + v + 2*n**2. Give t(d).
4
Let k(s) = -5*s**2 + s + 10. Let u(b)